6228
In base 15, what is 4e5 - 9507?
-9012
In base 11, what is -3436 - -111380?
108a45
In base 16, what is -6 - -3930a0e?
3930a08
In base 2, what is -101001 + -101111001110010100?
-101111001110111101
In base 5, what is -33341331 + -31?
-33341412
In base 13, what is -766 - 8912?
-9378
In base 10, what is 649511 + 8?
649519
In base 11, what is 102140 - 1632?
100609
In base 15, what is 242573eb + 5?
24257401
In base 8, what is -26320200 + -102?
-26320302
In base 11, what is 107819034 - -3?
107819037
In base 7, what is -41 - -3255636?
3255565
In base 15, what is -4e18233e - 0?
-4e18233e
In base 7, what is 544 - 3331653?
-3331106
In base 8, what is 65 - -62155?
62242
In base 3, what is -110121100 - -121111022?
10212222
In base 12, what is -2 - 1299859?
-129985b
In base 12, what is -7 + 681aa2?
681a97
In base 8, what is -1753056 - 10?
-1753066
In base 7, what is 102031 - 1103?
100625
In base 14, what is -9c - -185d6?
18538
In base 14, what is -513552 - -32?
-513520
In base 5, what is -10422223 - 32413?
-11010141
In base 14, what is -4 + 6da63?
6da5d
In base 10, what is -6457 + 953?
-5504
In base 14, what is -99b + 8a545?
89988
In base 7, what is 30132 - 25455?
1344
In base 5, what is 20043041 + 2312?
20100403
In base 8, what is 3717 - -35520?
41437
In base 11, what is 1630888 - -4?
1630891
In base 6, what is 41110 + -25000?
12110
In base 4, what is -220300 + -223123?
-1110023
In base 10, what is -44 - 853416?
-853460
In base 12, what is 3b8636 - -25?
3b865b
In base 6, what is -15354 - -404?
-14550
In base 3, what is 1112 + 101110020101?
101110021220
In base 12, what is 40b78 - 30a?
4086a
In base 4, what is 0 + 2110221123201?
2110221123201
In base 10, what is -80 - -459136?
459056
In base 14, what is 0 - 44424a?
-44424a
In base 10, what is -616 + -14774?
-15390
In base 14, what is -174d + -cc0?
-262d
In base 8, what is -325322577 - 4?
-325322603
In base 7, what is -1235256 + -16?
-1235305
In base 9, what is 32 - 187730?
-187687
In base 16, what is 98d - a1bf?
-9832
In base 4, what is 210 + -2130231313?
-2130231103
In base 4, what is 233 + -1320303012?
-1320302113
In base 15, what is 18 - 29076?
-2905d
In base 6, what is -5 + -355150401?
-355150410
In base 10, what is -4028150 + -41?
-4028191
In base 3, what is 100221012020 - -122?
100221012212
In base 8, what is 1273734303 + 6?
1273734311
In base 8, what is 52642711 + 3?
52642714
In base 9, what is -600851 - -51?
-600800
In base 2, what is 1100010 + 101100010000011?
101100011100101
In base 15, what is 1621a841 + 4?
1621a845
In base 9, what is -360 - -224472?
224112
In base 9, what is 1803 - -10430?
12333
In base 14, what is -640 + -3b3d?
-437d
In base 8, what is 273 + 1111542?
1112035
In base 6, what is -455031 + -40022?
-535053
In base 12, what is 62a1 + 8418?
126b9
In base 11, what is -4 - -63712?
63709
In base 4, what is 1 - -1332130231?
1332130232
In base 8, what is 6073370 - -3?
6073373
In base 12, what is -4a12396 + 7?
-4a1238b
In base 15, what is -da46e + -40?
-da4ae
In base 16, what is -2b9df7 - 4?
-2b9dfb
In base 3, what is -10000221 - 20011201?
-100012122
In base 4, what is -2123303 - -33120?
-2030123
In base 3, what is -1020002102 - -1001202?
-1012000200
In base 7, what is -154 - 13535263?
-13535450
In base 16, what is c5c - -b194?
bdf0
In base 3, what is 11022022002 + -211220?
11021110012
In base 7, what is 0 + -663333403?
-663333403
In base 13, what is 106 + -2c981?
-2c878
In base 16, what is 34c140 + 3?
34c143
In base 7, what is 211311526 - -42?
211311601
In base 13, what is 3a2 - 39975?
-395a3
In base 12, what is -2 + 35027a?
350278
In base 8, what is 1044150 - -304?
1044454
In base 14, what is 1d071c65 - 0?
1d071c65
In base 6, what is 453 + 21104320?
21105213
In base 11, what is 85 - -117750?
117825
In base 14, what is 21 - -cb30a?
cb32b
In base 9, what is 130508 - 567?
128831
In base 13, what is 1405c190 - 0?
1405c190
In base 5, what is -1104022413 + 10?
-1104022403
In base 10, what is 2062281 - 0?
2062281
In base 8, what is -1 - -17745345?
17745344
In base 4, what is -230230 + -3200320?
-10031210
In base 2, what is -11011 - 1010000110011100001?
-1010000110011111100
In base 14, what is 1287 - -1cb?
1474
In base 7, what is -61516 + 22235?
-36251
In base 5, what is 10243 - -141031?
201324
In base 12, what is -9 + -2167427?
-2167434
In base 3, what is -111011111 + 1121101200?
1010020012
In base 5, what is 4 + -41010200002?
-41010144443
In base 13, what is 4 - 7226a0?
-722699
In base 9, what is 1753455 - 3?
1753452
In base 6, what is 50244310202 - 3?
50244310155
In base 8, what is -3746 - 151?
-4117
In base 6, what is 202121435025 + -2?
202121435023
In base 14, what is 1d + -84822?
-84803
In base 15, what is -2 - 311cc0d?
-311cc10
In base 2, what is 1010110110000101101100 + -1010000?
1010110110000100011100
In base 10, what is -156881 - 1267?
-158148
In base 13, what is c - 176a04?
-1769c5
In base 13, what is 108 - -1c84c8?
1c8603
In base 7, what is -343303 - 56?
-343362
In base 6, what is 2535444001 + -1?
2535444000
In base 10, what is -33521 + 338?
-33183
In base 2, what is -101010001110010 + 10001000110?
-101000000101100
In base 14, what is 5096 - 3a26?
1470
In base 15, what is 866b - -d50?
94bb
In base 13, what is -3 + a968b03?
a968b00
In base 14, what is -3207 - 104d2?
-136d9
In base 5, what is 4 - 12220244114?
-12220244110
In base 6, what is 41031 - 3350?
33241
In base 10, what is -2507933 - 5?
-2507938
In base 10, what is -4 + -551644?
-551648
In base 8, what is 3151 + -15427?
-12256
In base 10, what is 6 + 8336161?
8336167
In base 8, what is 133076 - -1252?
134350
In base 13, what is -114 + -45a473?
-45a587
In base 3, what is -121021122110100 - 1110?
-121021122111210
In base 15, what is -c8 + -6033?
-610b
In base 15, what is 2ada - 274?
2866
In base 13, what is -73 + -11ba8c?
-11bb32
In base 4, what is 33211100311 + -110?
33211100201
In base 10, what is 40592 + 1129?
41721
In base 14, what is 23a - -a3085?
a32c1
In base 3, what is 1002102112 + 202020?
1010011202
In base 14, what is 10 - -1d3b0c?
1d3b1c
In base 10, what is 5 - 39401626?
-39401621
In base 11, what is 6455 + 31a04?
38359
In base 8, what is 2 + -11504255?
-11504253
In base 15, what is -4508ccb + -4?
-4508cd0
In base 3, what is -1112211101 + 12202?
-1112121122
In base 13, what is 4 - -63960a3?
63960a7
In base 10, what is -4 + 36061248?
36061244
In base 11, what is -4 + 6153a0?
615397
In base 16, what is 1c6d - 4300?
-2693
In base 16, what is caf - 2a2b1?
-29602
In base 15, what is -80631 - -e?
-80622
In base 2, what is 0 + -100110100000110011100111001?
-100110100000110011100111001
In base 11, what is -6613924 - 0?
-6613924
In base 9, what is 115381711 + -2?
115381708
In base 13, what is -4 - 70c8a2?
-70c8a6
In base 6, what is -44345404 - 12?
-44345420
In base 15, what is -5 + -95157b9?
-95157be
In base 12, what is 6256 - 29950?
-236b6
In base 12, what is 0 + -3594104a?
-3594104a
In base 9, what is 205722515 + 0?
205722515
In base 2, what is -100001111110100101 - -11?
-100001111110100010
In base 9, what is 2857607 - -8?
2857616
In base 5, what is -443200412 - -12?
-443200400
In base 13, what is -227c0a + -2?
-227c0c
In base 12, what is -17334b64 + 0?
-17334b64
In base 8, what is -255356152 - -4?
-255356146
In base 4, what is -223010121 + 100?
-223010021
In base 5, what is -1400313423 - 0?
-1400313423
In base 7, what is -5 + -5360030?
-5360035
In base 2, what is -10 + -1010000110000001101101101?
-1010000110000001101101111
In base 5, what is 110442 - 322331?
-211334
In base 10, what is 314978 - 4?
314974
In base 13, what is -1bcb7461 - -3?
-1bcb745b
In base 10, what is 31265 - -925?
32190
In base 9, what is 3163 - 58?
3104
In base 3, what is 1220 - -2102101221?
2102110211
In base 3, what is 120 - 222201000211?
-222201000021
In base 16, what is -2f5c5 + 24?
-2f5a1
In base 2, what is 0 - -1001010110110111111?
1001010110110111111
In base 9, what is 1721 + -123253?
-121432
In base 8, what is -35 - 10636326?
-10636363
In base 5, what is -141 - -3321310241?
3321310100
In base 5, what is 20 + 22133342004?
22133342024
In base 3, what is -112011121012211 - 11021?
-112011121101002
In base 8, what is 176 + 313267?
313465
In base 2, what is 110101000011101 + 1000110?
110101001100011
In base 2, what is 1101111000111 - -100110011?